of 10?
True
Is 1686335976 a multiple of 7?
False
Does 3919 divide 930437223?
True
Is 7147440 a multiple of 63?
False
Is 3 a factor of 1232364036?
True
Is 5894656460 a multiple of 302?
True
Does 12 divide 48510690?
False
Is 1446672 a multiple of 2?
True
Does 74 divide 106705336?
True
Does 1703 divide 104910816?
False
Does 1964 divide 54024282?
False
Is 267304723 a multiple of 7851?
False
Is 53 a factor of 5490879129?
True
Is 80755950 a multiple of 561?
True
Does 118 divide 691220853?
False
Is 67 a factor of 175746734?
False
Does 161 divide 373691530?
False
Is 123251889 a multiple of 129?
True
Does 624 divide 264343328?
False
Does 13 divide 2001261?
False
Is 55013961 a multiple of 21?
False
Does 52 divide 5375448?
True
Is 404076096 a multiple of 144?
True
Does 10 divide 8085430?
True
Does 62 divide 1686212872?
False
Is 46 a factor of 84429826?
True
Is 20606513 a multiple of 95?
False
Does 19 divide 200128824?
True
Is 11 a factor of 4721409506?
True
Is 2977896107 a multiple of 1499?
False
Is 24 a factor of 78141469?
False
Is 471 a factor of 3844477?
False
Is 4548423 a multiple of 33?
True
Does 4202 divide 55247896?
True
Is 50 a factor of 934653972?
False
Is 10616535 a multiple of 135?
True
Is 74049422 a multiple of 19?
True
Does 30 divide 607526400?
True
Is 26762904 a multiple of 9?
True
Does 72 divide 26099250?
False
Is 965897 a multiple of 4?
False
Does 2 divide 26884347?
False
Does 64 divide 36354023?
False
Is 2285 a factor of 305022501?
False
Is 120827324 a multiple of 24?
False
Does 2352 divide 988891344?
True
Is 870 a factor of 38106749?
False
Is 211423478 a multiple of 14?
True
Is 73524223 a multiple of 32?
False
Is 82024608 a multiple of 48?
True
Does 3226 divide 3216715572?
True
Is 127 a factor of 164844349?
True
Is 208713452 a multiple of 164?
True
Is 36107425 a multiple of 480?
False
Is 6141012160 a multiple of 2326?
True
Does 8277 divide 1844780122?
False
Does 4 divide 2233985456?
True
Is 107 a factor of 265825450?
True
Is 74922189 a multiple of 41?
False
Is 724655155 a multiple of 4837?
True
Is 1984 a factor of 21992640?
True
Is 4 a factor of 20808336?
True
Does 1280 divide 1424284674?
False
Is 22 a factor of 3913435?
False
Is 280 a factor of 1716177755?
False
Is 777997645 a multiple of 265?
False
Is 916 a factor of 31459037?
False
Is 17902287 a multiple of 53?
True
Is 268 a factor of 275751632?
True
Is 3090400 a multiple of 50?
True
Is 52 a factor of 80384333?
False
Is 282225960 a multiple of 328?
True
Is 1148757058 a multiple of 105?
False
Is 59 a factor of 42898743?
False
Is 18 a factor of 35515332?
True
Is 15600235 a multiple of 3?
False
Does 9 divide 21112089?
False
Does 1095 divide 508966950?
True
Is 71147587 a multiple of 69?
False
Is 1561924771 a multiple of 14?
False
Is 77 a factor of 5938979?
False
Is 16188856 a multiple of 6?
False
Is 526686275 a multiple of 3486?
False
Is 716 a factor of 1400464590?
False
Does 1815 divide 217441082?
False
Is 29 a factor of 18128121?
False
Does 1871 divide 4340720?
True
Is 1105 a factor of 33601945?
True
Does 297 divide 5885946?
True
Is 96 a factor of 61252278?
False
Does 119 divide 53695775?
True
Is 972 a factor of 16940475?
False
Is 42 a factor of 10030692?
True
Does 72 divide 268358383?
False
Does 103 divide 11801946?
True
Is 259993734 a multiple of 1898?
True
Is 16 a factor of 763033297?
False
Is 54 a factor of 25550640?
True
Is 36 a factor of 17514864?
True
Does 157 divide 34897775?
False
Is 401724123 a multiple of 1103?
False
Is 11 a factor of 32475751?
True
Is 43 a factor of 42276278?
False
Is 34 a factor of 510284720?
False
Does 3 divide 105608231?
False
Is 4877184264 a multiple of 12?
True
Does 8 divide 826045942?
False
Is 359 a factor of 2112469934?
False
Does 3 divide 100166?
False
Does 154 divide 42594552?
True
Is 36261568 a multiple of 784?
True
Is 207 a factor of 3436732?
False
Is 17 a factor of 1667462833?
True
Is 44316732 a multiple of 921?
False
Is 42950312 a multiple of 3001?
True
Is 19 a factor of 447326389?
False
Is 153280380 a multiple of 66?
True
Is 44442974 a multiple of 149?
False
Is 604574000 a multiple of 187?
False
Is 676873195 a multiple of 5597?
True
Does 47 divide 1423479106?
False
Does 69 divide 12531297?
True
Is 110474405 a multiple of 1932?
False
Is 632473556 a multiple of 2588?
True
Is 114 a factor of 18004932?
True
Is 6 a factor of 58842515?
False
Is 13 a factor of 836685616?
True
Is 752 a factor of 235477255?
False
Is 4055740 a multiple of 6?
False
Does 110 divide 411563958?
False
Does 1323 divide 189331884?
True
Is 1397 a factor of 553696759?
True
Is 10665619 a multiple of 41?
False
Does 12 divide 949014371?
False
Is 11 a factor of 1570413031?
True
Is 3336 a factor of 120799896?
True
Is 31378375 a multiple of 25?
True
Does 487 divide 30311888?
False
Is 1577393202 a multiple of 33?
True
Is 9123060 a multiple of 5?
True
Does 82 divide 214214890?
False
Is 7 a factor of 920437?
True
Is 975 a factor of 26325975?
True
Is 4926 a factor of 2673231828?
True
Is 257 a factor of 26679107?
False
Does 5 divide 27497353?
False
Is 27 a factor of 22763381?
False
Is 206 a factor of 6864912?
False
Does 153 divide 881392149?
True
Does 15 divide 93967500?
True
Does 1451 divide 601222641?
False
Is 2 a factor of 9867154?
True
Is 67343973 a multiple of 348?
False
Is 176 a factor of 366266656?
False
Is 164603292 a multiple of 12?
True
Does 311 divide 6135408?
True
Is 69490638 a multiple of 1231?
False
Does 254 divide 267906425?
False
Is 145 a factor of 254261432?
False
Is 156 a factor of 323664828?
False
Is 158 a factor of 799755638?
False
Is 658311360 a multiple of 160?
True
Is 1239974443 a multiple of 24?
False
Is 5698 a factor of 208278994?
True
Does 868 divide 8301429?
False
Does 34 divide 9516420?
False
Does 28 divide 96125400?
True
Does 26 divide 32111969?
False
Does 24 divide 224186232?
True
Does 1427 divide 391490468?
False
Is 29385580 a multiple of 122?
False
Is 1079103295 a multiple of 6992?
False
Is 46 a factor of 175489828?
False
Is 152 a factor of 111706162?
False
Is 93300284 a multiple of 178?
False
Is 12135570 a multiple of 827?
False
Is 128 a factor of 26368896?
True
Is 7361 a factor of 984520432?
False
Is 11090552 a multiple of 44?
True
Is 1344 a factor of 24608640?
True
Does 12 divide 391016808?
True
Does 10 divide 215205240?
True
Does 31 divide 2320831833?
True
Does 1905 divide 81607148?
False
Is 12 a factor of 50580512?
False
Is 108040009 a multiple of 733?
False
Does 25 divide 1073877104?
False
Is 57 a factor of 101956356?
True
Does 8 divide 154387412?
False
Does 10 divide 283388305?
False
Does 16 divide 30352480?
True
Is 296 a factor of 145761250?
False
Does 64 divide 404855471?
False
Is 73266336 a multiple of 264?
True
Is 569920 a multiple of 64?
True
Is 31424025 a multiple of 75?
True
Is 9 a factor of 7854846?
False
Does 3779 divide 366534738?
False
Is 682 a factor of 172175707?
False
Does 62 divide 18676476?
False
Is 2106193441 a multiple of 6621?
False
Is 42078608 a multiple of 1388?
True
Does 261 divide 129172252?
False
Does 137 divide 154686680?
False
Is 2115251172 a multiple of 123?
True
Is 14956765 a multiple of 441?
False
Is 77 a factor of 1027483206?
False
Is 1903 a factor of 529635348?
True
Does 120 divide 579257626?
False
Is 55 a factor of 303388376?
False
Is 25564360 a multiple of 20?
True
Does 8 divide 52266919?
False
Does 584 divide 110722766?
False
Is 274168506 a multiple of 831?
True
Is 4033 a factor of 63238510?
False
Is 1564 a factor of 217271472?
False
Does 25 divide 357922525?
True
Is 16795634 a multiple of 551?
False
Is 1755 a factor of 170206979?
False
Is 301044302 a multiple of 13?
True
Does 17 divide 784642684?
True
Is 179969465 a multiple of 3891?
False
Does 21 divide 830633386?
False
Is 6 a factor of 56147232?
True
Is 50 a factor of 1840339675?
False
Does 1361 divide 91490503?
True
Is 2611 a factor of 3518450892?
False
Is 25 a factor of 1130347800?
True
Is 15748966 a multiple of 758?
True
Is 12019397 a multiple of 20?
False
Does 257 divide 78662817?
True
Is 66887540 a multiple of 1706?
False
Is 33 a factor of 2118249?
False
Is 17 a factor of 1779101?
True
Is 1130845803 a multiple of 137?
False
Is 2054842560 a multiple of 240?
True
Is 108751136 a multiple of 13?
True
Does 24 divide 1042925185?
False
Is 27175095 a multiple of 